culate the remainder when 686823 is divided by 63.
60
Calculate the remainder when 61086 is divided by 74.
36
Calculate the remainder when 123009 is divided by 2.
1
What is the remainder when 465998 is divided by 24?
14
What is the remainder when 7596 is divided by 410?
216
Calculate the remainder when 198490 is divided by 297.
94
What is the remainder when 7394 is divided by 137?
133
What is the remainder when 4578 is divided by 380?
18
What is the remainder when 211301 is divided by 866?
863
Calculate the remainder when 3825 is divided by 188.
65
What is the remainder when 60861 is divided by 96?
93
Calculate the remainder when 10212 is divided by 146.
138
Calculate the remainder when 532 is divided by 311.
221
What is the remainder when 4405 is divided by 161?
58
What is the remainder when 173625 is divided by 30?
15
What is the remainder when 2197868 is divided by 18?
14
Calculate the remainder when 4520 is divided by 303.
278
Calculate the remainder when 4437 is divided by 72.
45
What is the remainder when 16202 is divided by 313?
239
Calculate the remainder when 2863 is divided by 939.
46
Calculate the remainder when 17629 is divided by 2678.
1561
What is the remainder when 3095 is divided by 1531?
33
Calculate the remainder when 1070 is divided by 465.
140
What is the remainder when 53957 is divided by 69?
68
What is the remainder when 455946 is divided by 371?
358
What is the remainder when 160197 is divided by 18?
15
What is the remainder when 8316 is divided by 755?
11
What is the remainder when 3220817 is divided by 67?
60
Calculate the remainder when 8674 is divided by 184.
26
Calculate the remainder when 1232 is divided by 100.
32
What is the remainder when 2096 is divided by 31?
19
Calculate the remainder when 4969 is divided by 4873.
96
What is the remainder when 2777203 is divided by 51?
49
What is the remainder when 1936 is divided by 602?
130
What is the remainder when 6393 is divided by 491?
10
What is the remainder when 32965 is divided by 80?
5
Calculate the remainder when 4077 is divided by 311.
34
What is the remainder when 667 is divided by 217?
16
What is the remainder when 22467 is divided by 66?
27
What is the remainder when 13154 is divided by 3281?
30
What is the remainder when 794 is divided by 34?
12
Calculate the remainder when 10577 is divided by 47.
2
Calculate the remainder when 361 is divided by 6.
1
What is the remainder when 30551 is divided by 30549?
2
What is the remainder when 13109 is divided by 26?
5
Calculate the remainder when 450 is divided by 76.
70
What is the remainder when 50508 is divided by 395?
343
What is the remainder when 6175 is divided by 6172?
3
What is the remainder when 72192 is divided by 382?
376
What is the remainder when 1858 is divided by 32?
2
Calculate the remainder when 85954 is divided by 56.
50
Calculate the remainder when 1428 is divided by 389.
261
Calculate the remainder when 3357 is divided by 2651.
706
Calculate the remainder when 64514 is divided by 1058.
1034
Calculate the remainder when 6074 is divided by 141.
11
What is the remainder when 124598 is divided by 133?
110
What is the remainder when 246633 is divided by 102?
99
What is the remainder when 2409 is divided by 1241?
1168
Calculate the remainder when 580 is divided by 51.
19
Calculate the remainder when 4587 is divided by 14.
9
What is the remainder when 44332 is divided by 1032?
988
Calculate the remainder when 2412 is divided by 401.
6
What is the remainder when 1432 is divided by 943?
489
Calculate the remainder when 8595 is divided by 65.
15
What is the remainder when 4406 is divided by 184?
174
Calculate the remainder when 3195 is divided by 246.
243
Calculate the remainder when 20134 is divided by 3346.
58
Calculate the remainder when 998687 is divided by 1297.
1294
What is the remainder when 11049 is divided by 12?
9
Calculate the remainder when 5694 is divided by 260.
234
Calculate the remainder when 5777 is divided by 185.
42
What is the remainder when 24359 is divided by 9?
5
Calculate the remainder when 288 is divided by 74.
66
Calculate the remainder when 6991 is divided by 581.
19
What is the remainder when 4063501 is divided by 46?
45
What is the remainder when 99331 is divided by 17?
0
What is the remainder when 9820 is divided by 1630?
40
Calculate the remainder when 46101 is divided by 320.
21
Calculate the remainder when 2380 is divided by 400.
380
Calculate the remainder when 704209 is divided by 485.
474
Calculate the remainder when 1171 is divided by 239.
215
What is the remainder when 49158 is divided by 26?
18
What is the remainder when 8265 is divided by 44?
37
Calculate the remainder when 15193 is divided by 197.
24
Calculate the remainder when 33308 is divided by 355.
293
Calculate the remainder when 132603 is divided by 61.
50
Calculate the remainder when 5447 is divided by 340.
7
What is the remainder when 351706 is divided by 159?
157
What is the remainder when 47815 is divided by 493?
487
Calculate the remainder when 59968 is divided by 29967.
34
Calculate the remainder when 279858 is divided by 234.
228
Calculate the remainder when 1960 is divided by 130.
10
Calculate the remainder when 50536 is divided by 12632.
8
What is the remainder when 477437 is divided by 32?
29
What is the remainder when 128 is divided by 23?
13
Calculate the remainder when 1954 is divided by 131.
120
Calculate the remainder when 11622 is divided by 44.
6
Calculate the remainder when 19432 is divided by 23.
20
Calculate the remainder when 32677 is divided by 145.
52
Calculate the remainder when 19440 is divided by 1090.
910
What is the remainder when 76409 is divided by 484?
421
What is the remainder when 276533 is divided by 46086?
17
What is the remainder when 6639 is divided by 94?
59
Calculate the remainder when 17831 is divided by 35.
16
What is the remainder when 6790 is divided by 150?
40
What is the remainder when 576 is divided by 189?
9
What is the remainder when 3256409 is divided by 145?
144
Calculate the remainder when 13411 is divided by 123.
4
Calculate the remainder when 6938 is divided by 186.
56
Calculate the remainder when 61392 is divided by 51.
39
What is the remainder when 10972 is divided by 1287?
676
Calculate the remainder when 47094 is divided by 128.
118
Calculate the remainder when 182889 is divided by 60946.
51
What is the remainder when 9276 is divided by 175?
1
What is the remainder when 22095 is divided by 442?
437
What is the remainder when 195549 is divided by 32591?
3
What is the remainder when 11052 is divided by 3649?
105
What is the remainder when 42169 is divided by 4684?
13
Calculate the remainder when 2255 is divided by 714.
113
What is the remainder when 14939 is divided by 3718?
67
What is the remainder when 50685 is divided by 140?
5
Calculate the remainder when 13593 is divided by 44.
41
Calculate the remainder when 24180 is divided by 6018.
108
Calculate the remainder when 73193 is divided by 105.
8
What is the remainder when 17145 is divided by 1714?
5
Calculate the remainder when 1976 is divided by 1975.
1
Calculate the remainder when 127528 is divided by 63746.
36
Calculate the remainder when 899 is divided by 301.
297
Calculate the remainder when 156906 is divided by 625.
31
Calculate the remainder when 641 is divided by 204.
29
Calculate the remainder when 3218 is divided by 1384.
450
Calculate the remainder when 59660 is divided by 11908.
120
What is the remainder when 5099 is divided by 297?
50
What is the remainder when 53891 is divided by 18?
17
What is the remainder when 206321 is divided by 133?
38
Calculate the remainder when 1989 is divided by 131.
24
What is the remainder when 564319 is divided by 112856?
39
Calculate the remainder when 59910 is divided by 13.
6
Calculate the remainder when 645765 is divided by 394.
393
Calculate the remainder when 1748 is divided by 261.
182
Calculate the remainder when 65576 is divided by 11.
5
Calculate the remainder when 3149561 is divided by 2734.
2727
Calculate the remainder when 541 is divided by 20.
1
What is the remainder when 243098 is divided by 284?
278
Calculate the remainder when 41268 is divided by 63.
3
What is the remainder when 31390 is divided by 173?
77
Calculate the remainder when 9038